ivided by 10.
7
What is the remainder when 25 is divided by 9?
7
Calculate the remainder when 125 is divided by 73.
52
Calculate the remainder when 357 is divided by 29.
9
Calculate the remainder when 7356 is divided by 13.
11
What is the remainder when 924 is divided by 66?
0
Calculate the remainder when 767 is divided by 378.
11
Calculate the remainder when 28 is divided by 5.
3
Calculate the remainder when 5969 is divided by 15.
14
What is the remainder when 988 is divided by 5?
3
What is the remainder when 369 is divided by 21?
12
Calculate the remainder when 1854 is divided by 39.
21
Calculate the remainder when 61 is divided by 3.
1
What is the remainder when 83 is divided by 46?
37
What is the remainder when 724 is divided by 11?
9
What is the remainder when 55 is divided by 28?
27
What is the remainder when 185 is divided by 23?
1
What is the remainder when 7856 is divided by 27?
26
What is the remainder when 262 is divided by 53?
50
Calculate the remainder when 212 is divided by 94.
24
Calculate the remainder when 144 is divided by 73.
71
Calculate the remainder when 1423 is divided by 8.
7
What is the remainder when 536 is divided by 48?
8
What is the remainder when 546 is divided by 65?
26
Calculate the remainder when 155 is divided by 27.
20
What is the remainder when 43 is divided by 12?
7
What is the remainder when 5108 is divided by 72?
68
Calculate the remainder when 820 is divided by 46.
38
Calculate the remainder when 43 is divided by 9.
7
Calculate the remainder when 37 is divided by 23.
14
Calculate the remainder when 387 is divided by 30.
27
What is the remainder when 108 is divided by 40?
28
Calculate the remainder when 111 is divided by 25.
11
What is the remainder when 1427 is divided by 53?
49
What is the remainder when 3236 is divided by 56?
44
What is the remainder when 2391 is divided by 7?
4
What is the remainder when 560 is divided by 32?
16
Calculate the remainder when 138 is divided by 48.
42
Calculate the remainder when 94 is divided by 35.
24
What is the remainder when 2225 is divided by 93?
86
What is the remainder when 120 is divided by 63?
57
What is the remainder when 1495 is divided by 35?
25
Calculate the remainder when 765 is divided by 64.
61
Calculate the remainder when 592 is divided by 166.
94
Calculate the remainder when 1565 is divided by 143.
135
Calculate the remainder when 525 is divided by 12.
9
Calculate the remainder when 184 is divided by 151.
33
Calculate the remainder when 1011 is divided by 22.
21
Calculate the remainder when 814 is divided by 43.
40
Calculate the remainder when 325 is divided by 42.
31
What is the remainder when 269 is divided by 91?
87
Calculate the remainder when 974 is divided by 214.
118
Calculate the remainder when 1115 is divided by 80.
75
What is the remainder when 70915 is divided by 33?
31
Calculate the remainder when 63 is divided by 31.
1
Calculate the remainder when 1359 is divided by 85.
84
Calculate the remainder when 107 is divided by 11.
8
Calculate the remainder when 999 is divided by 25.
24
Calculate the remainder when 972 is divided by 68.
20
What is the remainder when 321 is divided by 18?
15
What is the remainder when 816 is divided by 99?
24
Calculate the remainder when 301 is divided by 103.
95
What is the remainder when 47 is divided by 31?
16
What is the remainder when 198 is divided by 41?
34
What is the remainder when 745 is divided by 105?
10
Calculate the remainder when 305 is divided by 127.
51
Calculate the remainder when 728 is divided by 21.
14
What is the remainder when 1768 is divided by 11?
8
What is the remainder when 52 is divided by 22?
8
What is the remainder when 1135 is divided by 38?
33
Calculate the remainder when 440 is divided by 118.
86
Calculate the remainder when 205 is divided by 63.
16
Calculate the remainder when 2120 is divided by 101.
100
What is the remainder when 3548 is divided by 16?
12
What is the remainder when 865 is divided by 31?
28
What is the remainder when 463 is divided by 39?
34
What is the remainder when 414 is divided by 197?
20
Calculate the remainder when 10 is divided by 3.
1
What is the remainder when 68 is divided by 10?
8
Calculate the remainder when 153 is divided by 80.
73
What is the remainder when 6005 is divided by 667?
2
Calculate the remainder when 122 is divided by 14.
10
What is the remainder when 452 is divided by 76?
72
Calculate the remainder when 227 is divided by 8.
3
Calculate the remainder when 120 is divided by 29.
4
What is the remainder when 56 is divided by 48?
8
What is the remainder when 12 is divided by 5?
2
What is the remainder when 17 is divided by 2?
1
What is the remainder when 130 is divided by 22?
20
What is the remainder when 159 is divided by 109?
50
What is the remainder when 331 is divided by 7?
2
Calculate the remainder when 10 is divided by 3.
1
What is the remainder when 276 is divided by 35?
31
Calculate the remainder when 1577 is divided by 20.
17
Calculate the remainder when 467 is divided by 229.
9
What is the remainder when 1393 is divided by 1375?
18
What is the remainder when 739 is divided by 207?
118
What is the remainder when 1647 is divided by 14?
9
Calculate the remainder when 278 is divided by 68.
6
What is the remainder when 219 is divided by 101?
17
Calculate the remainder when 98 is divided by 17.
13
Calculate the remainder when 6913 is divided by 301.
291
What is the remainder when 326 is divided by 24?
14
Calculate the remainder when 2956 is divided by 58.
56
What is the remainder when 583 is divided by 118?
111
What is the remainder when 313 is divided by 79?
76
Calculate the remainder when 173 is divided by 20.
13
Calculate the remainder when 34 is divided by 22.
12
What is the remainder when 481 is divided by 22?
19
Calculate the remainder when 153 is divided by 77.
76
Calculate the remainder when 187 is divided by 21.
19
What is the remainder when 358 is divided by 119?
1
What is the remainder when 143 is divided by 80?
63
Calculate the remainder when 1995 is divided by 249.
3
Calculate the remainder when 1660 is divided by 14.
8
What is the remainder when 3183 is divided by 176?
15
What is the remainder when 869 is divided by 87?
86
What is the remainder when 6793 is divided by 45?
43
Calculate the remainder when 1022 is divided by 32.
30
What is the remainder when 278 is divided by 71?
65
Calculate the remainder when 351 is divided by 63.
36
Calculate the remainder when 3559 is divided by 26.
23
What is the remainder when 28 is divided by 7?
0
Calculate the remainder when 1281 is divided by 164.
133
Calculate the remainder when 620 is divided by 291.
38
What is the remainder when 213 is divided by 105?
3
Calculate the remainder when 494 is divided by 19.
0
Calculate the remainder when 1032 is divided by 23.
20
Calculate the remainder when 309 is divided by 58.
19
What is the remainder when 423 is divided by 283?
140
What is the remainder when 553 is divided by 115?
93
Calculate the remainder when 175 is divided by 19.
4
Calculate the remainder when 711 is divided by 21.
18
What is the remainder when 1814 is divided by 15?
14
What is the remainder when 130 is divided by 100?
30
What is the remainder when 120 is divided by 31?
27
Calculate the remainder when 266 is divided by 119.
28
Calculate the remainder when 404 is divided by 115.
59
Calculate the remainder when 1150 is divided by 63.
16
Calculate the remainder when 537 is divided by 181.
175
Calculate the remainder when 3556 is divided by 13.
7
Calculate the remainder when 3164 is divided by 186.
2
What is the remainder when 43545 is divided by 19?
16
What is the remainder when 639 is divided by 30?
9
Calculate the remainder when 352 is divided by 206.
146
Calculate the remainder when 80 is divided by 31.
18
What is the remainder when 1813 is divided by 173?
83
What is the remainder when 532 is divided by 59?
1
Calculate the remainder when 128 is divided by 50.
28
What is the remainder when 1707 is divided by 61?
60
Calculate the remainder when 115 is divided by 21.
10
What is the remainder when 3701 is divided by 186?
167
What is the remainder when 513 is divided by 52?
45
What is the remainder when 20820 is divided by 274?
270
Calculate the remainder when 8451 is divided by 8